{"version":"1.0","provider_name":"ISF Canada","provider_url":"https:\/\/www.ewb.ca\/fr\/","author_name":"catherinecyrwright","author_url":"https:\/\/www.ewb.ca\/fr\/author\/catherinecyrwright\/","title":"Sommet du G7 : des occasions d\u2019agir - ISF Canada","type":"rich","width":600,"height":338,"html":"<blockquote class=\"wp-embedded-content\"><a href=\"https:\/\/www.ewb.ca\/fr\/news-and-events\/news\/sommet-du-g7-des-occasions-dagir\/\">Sommet du G7 : des occasions d\u2019agir<\/a><\/blockquote>\n<script type='text\/javascript'>\n<!--\/\/--><![CDATA[\/\/><!--\n\t\t\/*! This file is auto-generated *\/\n\t\t!function(c,d){\"use strict\";var e=!1,n=!1;if(d.querySelector)if(c.addEventListener)e=!0;if(c.wp=c.wp||{},!c.wp.receiveEmbedMessage)if(c.wp.receiveEmbedMessage=function(e){var t=e.data;if(t)if(t.secret||t.message||t.value)if(!\/[^a-zA-Z0-9]\/.test(t.secret)){for(var r,a,i,s=d.querySelectorAll('iframe[data-secret=\"'+t.secret+'\"]'),n=d.querySelectorAll('blockquote[data-secret=\"'+t.secret+'\"]'),o=0;o<n.length;o++)n[o].style.display=\"none\";for(o=0;o<s.length;o++)if(r=s[o],e.source===r.contentWindow){if(r.removeAttribute(\"style\"),\"height\"===t.message){if(1e3<(i=parseInt(t.value,10)))i=1e3;else if(~~i<200)i=200;r.height=i}if(\"link\"===t.message)if(a=d.createElement(\"a\"),i=d.createElement(\"a\"),a.href=r.getAttribute(\"src\"),i.href=t.value,i.host===a.host)if(d.activeElement===r)c.top.location.href=t.value}}},e)c.addEventListener(\"message\",c.wp.receiveEmbedMessage,!1),d.addEventListener(\"DOMContentLoaded\",t,!1),c.addEventListener(\"load\",t,!1);function t(){if(!n){n=!0;for(var e,t,r=-1!==navigator.appVersion.indexOf(\"MSIE 10\"),a=!!navigator.userAgent.match(\/Trident.*rv:11\\.\/),i=d.querySelectorAll(\"iframe.wp-embedded-content\"),s=0;s<i.length;s++){if(!(e=i[s]).getAttribute(\"data-secret\"))t=Math.random().toString(36).substr(2,10),e.src+=\"#?secret=\"+t,e.setAttribute(\"data-secret\",t);if(r||a)(t=e.cloneNode(!0)).removeAttribute(\"security\"),e.parentNode.replaceChild(t,e)}}}}(window,document);\n\/\/--><!]]>\n<\/script><iframe sandbox=\"allow-scripts\" security=\"restricted\" src=\"https:\/\/www.ewb.ca\/fr\/news-and-events\/news\/sommet-du-g7-des-occasions-dagir\/embed\/\" width=\"600\" height=\"338\" title=\"&#8220;Sommet du G7 : des occasions d\u2019agir&#8221; &#8212; ISF Canada\" frameborder=\"0\" marginwidth=\"0\" marginheight=\"0\" scrolling=\"no\" class=\"wp-embedded-content\"><\/iframe>","description":"Compte tenu de l\u2019exclusion de la Russie et de l\u2019absence manifeste de la Chine et de l\u2019Inde du G8, ainsi que des consultations \u00e9largies et de l\u2019\u00e9tablissement de consensus du G20, le G7 est-il encore un important forum d\u00e9cisionnel international? Si oui, quel est le r\u00f4le de la soci\u00e9t\u00e9 civile dans la mobilisation des priorit\u00e9s mondiales de ce forum et des gouvernements qui y participent, et quelle influence peut-elle avoir sur ceux-ci? Quels sont les occasions et les r\u00e9sultats escompt\u00e9s du Sommet du G7 de cette ann\u00e9e, qui sera accueilli par le Canada au mois de juin 2018? Pour \u00e9tudier ces questions, entre autres, ISF est fier de partager un rapport sur Le Canada, le G7 et le d\u00e9veloppement international. Le rapport vise \u00e0 soutenir la soci\u00e9t\u00e9 civile, tant au niveau des organisations que des individus, \u00e0 comprendre les activit\u00e9s du G7, les occasions de mobilisation et les obstacles \u00e0 celle-ci, ainsi que les actions recommand\u00e9es. Lisez le rapport complet!","thumbnail_url":"https:\/\/www.ewb.ca\/wp-content\/uploads\/2018\/04\/Copy-of-Concordia_ChampagneParty1.jpg","thumbnail_width":1600,"thumbnail_height":1066}

Compte tenu de l’exclusion de la Russie et de l’absence manifeste de la Chine et de l’Inde du G8, ainsi que des consultations élargies et de l’établissement de consensus du G20, le G7 est-il encore un important forum décisionnel international? Si oui, quel est le rôle de la société civile dans la mobilisation des priorités mondiales de ce forum et des gouvernements qui y participent, et quelle influence peut-elle avoir sur ceux-ci? Quels sont les occasions et les résultats escomptés du Sommet du G7 de cette année, qui sera accueilli par le Canada au mois de juin 2018? Pour étudier ces questions, entre autres, ISF est fier de partager un rapport sur Le Canada, le G7 et le développement international. Le rapport vise à soutenir la société civile, tant au niveau des organisations que des individus, à comprendre les activités du G7, les occasions de mobilisation et les obstacles à celle-ci, ainsi que les actions recommandées. Lisez le rapport complet!
