{"version":"1.0","provider_name":"ISF Canada","provider_url":"https:\/\/www.ewb.ca\/fr\/","author_name":"carly","author_url":"https:\/\/www.ewb.ca\/fr\/author\/carly\/","title":"Former les leaders du 21e si\u00e8cle - ISF Canada","type":"rich","width":600,"height":338,"html":"<blockquote class=\"wp-embedded-content\"><a href=\"https:\/\/www.ewb.ca\/fr\/news-and-events\/news\/former-les-leaders-du-21e-siecle\/\">Former les leaders du 21e si\u00e8cle<\/a><\/blockquote>\n<script type='text\/javascript'>\n<!--\/\/--><![CDATA[\/\/><!--\n\t\t\/*! This file is auto-generated *\/\n\t\t!function(c,d){\"use strict\";var e=!1,n=!1;if(d.querySelector)if(c.addEventListener)e=!0;if(c.wp=c.wp||{},!c.wp.receiveEmbedMessage)if(c.wp.receiveEmbedMessage=function(e){var t=e.data;if(t)if(t.secret||t.message||t.value)if(!\/[^a-zA-Z0-9]\/.test(t.secret)){for(var r,a,i,s=d.querySelectorAll('iframe[data-secret=\"'+t.secret+'\"]'),n=d.querySelectorAll('blockquote[data-secret=\"'+t.secret+'\"]'),o=0;o<n.length;o++)n[o].style.display=\"none\";for(o=0;o<s.length;o++)if(r=s[o],e.source===r.contentWindow){if(r.removeAttribute(\"style\"),\"height\"===t.message){if(1e3<(i=parseInt(t.value,10)))i=1e3;else if(~~i<200)i=200;r.height=i}if(\"link\"===t.message)if(a=d.createElement(\"a\"),i=d.createElement(\"a\"),a.href=r.getAttribute(\"src\"),i.href=t.value,i.host===a.host)if(d.activeElement===r)c.top.location.href=t.value}}},e)c.addEventListener(\"message\",c.wp.receiveEmbedMessage,!1),d.addEventListener(\"DOMContentLoaded\",t,!1),c.addEventListener(\"load\",t,!1);function t(){if(!n){n=!0;for(var e,t,r=-1!==navigator.appVersion.indexOf(\"MSIE 10\"),a=!!navigator.userAgent.match(\/Trident.*rv:11\\.\/),i=d.querySelectorAll(\"iframe.wp-embedded-content\"),s=0;s<i.length;s++){if(!(e=i[s]).getAttribute(\"data-secret\"))t=Math.random().toString(36).substr(2,10),e.src+=\"#?secret=\"+t,e.setAttribute(\"data-secret\",t);if(r||a)(t=e.cloneNode(!0)).removeAttribute(\"security\"),e.parentNode.replaceChild(t,e)}}}}(window,document);\n\/\/--><!]]>\n<\/script><iframe sandbox=\"allow-scripts\" security=\"restricted\" src=\"https:\/\/www.ewb.ca\/fr\/news-and-events\/news\/former-les-leaders-du-21e-siecle\/embed\/\" width=\"600\" height=\"338\" title=\"&#8220;Former les leaders du 21e si\u00e8cle&#8221; &#8212; ISF Canada\" frameborder=\"0\" marginwidth=\"0\" marginheight=\"0\" scrolling=\"no\" class=\"wp-embedded-content\"><\/iframe>","description":"Quand on demande aux gens d\u2019imaginer \u00e0 quoi pourrait ressembler le travail dans le futur, plusieurs envisagent un monde comme celui de la famille Jetson\u00a0: des v\u00e9hicules autonomes, des conversations avec des syst\u00e8mes intelligents, des maisons informatis\u00e9es et une main-d\u2019\u0153uvre robotis\u00e9e. Si cette r\u00eaverie peut para\u00eetre lointaine, la v\u00e9rit\u00e9 est que sur bien des points le futur est d\u00e9j\u00e0 \u00e0 nos portes. Selon un r\u00e9cent rapport de l\u2019entreprise EY sur le futur du travail, la soci\u00e9t\u00e9 est en train de passer d\u2019une \u00e9conomie de petits boulots \u00e0 une \u00e9conomie de machines, soit d\u2019une soci\u00e9t\u00e9 qui a vu l\u2019\u00e9mergence de plateformes num\u00e9riques comme Uber et Airbnb ainsi qu\u2019une augmentation du nombre de pigistes \u00e0 une soci\u00e9t\u00e9 o\u00f9 l\u2019intelligence artificielle et la robotique modifieront drastiquement les emplois traditionnels. Imaginer le futur du travail pour ISF, c\u2019est aussi imaginer le futur des leaders. Quelles aptitudes de leadership les jeunes auront-ils et elles de besoin dans cette nouvelle \u00e9conomie? Comment s\u2019assurer qu\u2019ils et elles d\u00e9fendront les progr\u00e8s techniques afin de mieux servir l\u2019humanit\u00e9? Et comment s\u2019assurer que les changements amen\u00e9s par le 21e si\u00e8cle produisent des r\u00e9sultats \u00e9quitables pour tous et toutes? Nous surmontons ces difficult\u00e9s de deux fa\u00e7ons\u00a0: en investissant dans des projets sociaux en Afrique et en investissant dans nos jeunes leaders canadiens et canadiennes. Se diriger vers des \u00e9conomies durables et inclusives ISF croit qu\u2019une mani\u00e8re efficace de pr\u00e9parer l\u2019avenir consiste \u00e0 semer des graines aujourd\u2019hui\u00a0: soutenir le genre de penseurs novateurs et penseuses novatrices qui travaillent dans le but de combler les besoins des personnes qui ont \u00e9t\u00e9 abandonn\u00e9es par une soci\u00e9t\u00e9 ne r\u00e9pondant pas \u00e0 leurs besoins. Les changements s\u2019acc\u00e9l\u00e8rent et cette dynamique ouvre la porte et donne plus de pouvoirs aux individus et aux petits groupes pour changer les choses. Toutefois, est-ce que tout le monde peut profiter [&hellip;]","thumbnail_url":"https:\/\/www.ewb.ca\/wp-content\/uploads\/2018\/04\/Copy-of-Concordia_ChampagneParty1.jpg","thumbnail_width":1600,"thumbnail_height":1066}

Former les leaders du 21e siècle - ISF Canada

<blockquote class="wp-embedded-content"><a href="https://www.ewb.ca/fr/news-and-events/news/former-les-leaders-du-21e-siecle/">Former les leaders du 21e siècle</a></blockquote>
<script type='text/javascript'>
<!--//--><![CDATA[//><!--
		/*! This file is auto-generated */
		!function(c,d){"use strict";var e=!1,n=!1;if(d.querySelector)if(c.addEventListener)e=!0;if(c.wp=c.wp||{},!c.wp.receiveEmbedMessage)if(c.wp.receiveEmbedMessage=function(e){var t=e.data;if(t)if(t.secret||t.message||t.value)if(!/[^a-zA-Z0-9]/.test(t.secret)){for(var r,a,i,s=d.querySelectorAll('iframe[data-secret="'+t.secret+'"]'),n=d.querySelectorAll('blockquote[data-secret="'+t.secret+'"]'),o=0;o<n.length;o++)n[o].style.display="none";for(o=0;o<s.length;o++)if(r=s[o],e.source===r.contentWindow){if(r.removeAttribute("style"),"height"===t.message){if(1e3<(i=parseInt(t.value,10)))i=1e3;else if(~~i<200)i=200;r.height=i}if("link"===t.message)if(a=d.createElement("a"),i=d.createElement("a"),a.href=r.getAttribute("src"),i.href=t.value,i.host===a.host)if(d.activeElement===r)c.top.location.href=t.value}}},e)c.addEventListener("message",c.wp.receiveEmbedMessage,!1),d.addEventListener("DOMContentLoaded",t,!1),c.addEventListener("load",t,!1);function t(){if(!n){n=!0;for(var e,t,r=-1!==navigator.appVersion.indexOf("MSIE 10"),a=!!navigator.userAgent.match(/Trident.*rv:11\./),i=d.querySelectorAll("iframe.wp-embedded-content"),s=0;s<i.length;s++){if(!(e=i[s]).getAttribute("data-secret"))t=Math.random().toString(36).substr(2,10),e.src+="#?secret="+t,e.setAttribute("data-secret",t);if(r||a)(t=e.cloneNode(!0)).removeAttribute("security"),e.parentNode.replaceChild(t,e)}}}}(window,document);
//--><!]]>
</script><iframe sandbox="allow-scripts" security="restricted" src="https://www.ewb.ca/fr/news-and-events/news/former-les-leaders-du-21e-siecle/embed/" width="600" height="338" title="&#8220;Former les leaders du 21e siècle&#8221; &#8212; ISF Canada" frameborder="0" marginwidth="0" marginheight="0" scrolling="no" class="wp-embedded-content"></iframe>

Quand on demande aux gens d’imaginer à quoi pourrait ressembler le travail dans le futur, plusieurs envisagent un monde comme celui de la famille Jetson : des véhicules autonomes, des conversations avec des systèmes intelligents, des maisons informatisées et une main-d’œuvre robotisée. Si cette rêverie peut paraître lointaine, la vérité est que sur bien des points le futur est déjà à nos portes. Selon un récent rapport de l’entreprise EY sur le futur du travail, la société est en train de passer d’une économie de petits boulots à une économie de machines, soit d’une société qui a vu l’émergence de plateformes numériques comme Uber et Airbnb ainsi qu’une augmentation du nombre de pigistes à une société où l’intelligence artificielle et la robotique modifieront drastiquement les emplois traditionnels. Imaginer le futur du travail pour ISF, c’est aussi imaginer le futur des leaders. Quelles aptitudes de leadership les jeunes auront-ils et elles de besoin dans cette nouvelle économie? Comment s’assurer qu’ils et elles défendront les progrès techniques afin de mieux servir l’humanité? Et comment s’assurer que les changements amenés par le 21e siècle produisent des résultats équitables pour tous et toutes? Nous surmontons ces difficultés de deux façons : en investissant dans des projets sociaux en Afrique et en investissant dans nos jeunes leaders canadiens et canadiennes. Se diriger vers des économies durables et inclusives ISF croit qu’une manière efficace de préparer l’avenir consiste à semer des graines aujourd’hui : soutenir le genre de penseurs novateurs et penseuses novatrices qui travaillent dans le but de combler les besoins des personnes qui ont été abandonnées par une société ne répondant pas à leurs besoins. Les changements s’accélèrent et cette dynamique ouvre la porte et donne plus de pouvoirs aux individus et aux petits groupes pour changer les choses. Toutefois, est-ce que tout le monde peut profiter [&hellip;]
